ded by 5573?
5
What is the remainder when 1913 is divided by 475?
13
Calculate the remainder when 318 is divided by 2.
0
What is the remainder when 132 is divided by 40?
12
Calculate the remainder when 2047 is divided by 643.
118
What is the remainder when 105 is divided by 37?
31
Calculate the remainder when 1135 is divided by 67.
63
What is the remainder when 524 is divided by 17?
14
Calculate the remainder when 76 is divided by 18.
4
Calculate the remainder when 45 is divided by 19.
7
What is the remainder when 736 is divided by 183?
4
What is the remainder when 389 is divided by 99?
92
Calculate the remainder when 2123 is divided by 133.
128
What is the remainder when 222 is divided by 25?
22
Calculate the remainder when 638 is divided by 90.
8
Calculate the remainder when 1593 is divided by 14.
11
Calculate the remainder when 144 is divided by 76.
68
Calculate the remainder when 1396 is divided by 436.
88
What is the remainder when 1597 is divided by 50?
47
What is the remainder when 107 is divided by 10?
7
What is the remainder when 281 is divided by 273?
8
Calculate the remainder when 60 is divided by 33.
27
Calculate the remainder when 3 is divided by 2.
1
What is the remainder when 407 is divided by 136?
135
Calculate the remainder when 38 is divided by 4.
2
Calculate the remainder when 663 is divided by 51.
0
What is the remainder when 55 is divided by 9?
1
Calculate the remainder when 671 is divided by 60.
11
Calculate the remainder when 61 is divided by 40.
21
Calculate the remainder when 16 is divided by 5.
1
What is the remainder when 827 is divided by 69?
68
Calculate the remainder when 98 is divided by 70.
28
Calculate the remainder when 268 is divided by 121.
26
Calculate the remainder when 2414 is divided by 16.
14
What is the remainder when 295 is divided by 37?
36
What is the remainder when 230 is divided by 83?
64
What is the remainder when 700 is divided by 213?
61
What is the remainder when 5417 is divided by 43?
42
What is the remainder when 132 is divided by 126?
6
What is the remainder when 80 is divided by 38?
4
Calculate the remainder when 4430 is divided by 24.
14
Calculate the remainder when 319 is divided by 108.
103
Calculate the remainder when 227 is divided by 46.
43
What is the remainder when 274 is divided by 20?
14
What is the remainder when 153 is divided by 60?
33
Calculate the remainder when 61 is divided by 55.
6
What is the remainder when 132 is divided by 19?
18
Calculate the remainder when 1053 is divided by 273.
234
What is the remainder when 3553 is divided by 15?
13
What is the remainder when 933 is divided by 23?
13
Calculate the remainder when 81 is divided by 51.
30
What is the remainder when 38643 is divided by 18?
15
Calculate the remainder when 240 is divided by 49.
44
What is the remainder when 46 is divided by 13?
7
Calculate the remainder when 16 is divided by 3.
1
Calculate the remainder when 444 is divided by 13.
2
Calculate the remainder when 152 is divided by 11.
9
Calculate the remainder when 126 is divided by 64.
62
What is the remainder when 799 is divided by 69?
40
Calculate the remainder when 388 is divided by 23.
20
Calculate the remainder when 144 is divided by 5.
4
Calculate the remainder when 260 is divided by 139.
121
Calculate the remainder when 148 is divided by 18.
4
What is the remainder when 228 is divided by 80?
68
Calculate the remainder when 30 is divided by 28.
2
What is the remainder when 131 is divided by 38?
17
What is the remainder when 5283 is divided by 265?
248
Calculate the remainder when 1591 is divided by 22.
7
Calculate the remainder when 985 is divided by 29.
28
What is the remainder when 1246 is divided by 12?
10
What is the remainder when 62 is divided by 36?
26
What is the remainder when 282 is divided by 79?
45
What is the remainder when 32 is divided by 16?
0
Calculate the remainder when 182 is divided by 17.
12
Calculate the remainder when 366 is divided by 46.
44
What is the remainder when 1692 is divided by 524?
120
What is the remainder when 133 is divided by 9?
7
What is the remainder when 1046 is divided by 8?
6
What is the remainder when 431 is divided by 24?
23
Calculate the remainder when 112 is divided by 25.
12
Calculate the remainder when 169 is divided by 18.
7
What is the remainder when 311 is divided by 9?
5
Calculate the remainder when 33 is divided by 8.
1
Calculate the remainder when 402 is divided by 27.
24
Calculate the remainder when 74 is divided by 52.
22
Calculate the remainder when 641 is divided by 28.
25
What is the remainder when 90 is divided by 31?
28
What is the remainder when 95 is divided by 6?
5
Calculate the remainder when 2598 is divided by 42.
36
Calculate the remainder when 489 is divided by 144.
57
What is the remainder when 118 is divided by 17?
16
What is the remainder when 37 is divided by 35?
2
What is the remainder when 175 is divided by 90?
85
What is the remainder when 280 is divided by 28?
0
Calculate the remainder when 271 is divided by 266.
5
What is the remainder when 15111 is divided by 11?
8
What is the remainder when 397 is divided by 2?
1
Calculate the remainder when 181 is divided by 3.
1
Calculate the remainder when 626 is divided by 6.
2
What is the remainder when 475 is divided by 40?
35
Calculate the remainder when 264 is divided by 31.
16
What is the remainder when 251 is divided by 23?
21
What is the remainder when 33 is divided by 20?
13
What is the remainder when 32799 is divided by 50?
49
Calculate the remainder when 238 is divided by 12.
10
What is the remainder when 366 is divided by 29?
18
What is the remainder when 320 is divided by 65?
60
What is the remainder when 397 is divided by 19?
17
What is the remainder when 4158 is divided by 20?
18
What is the remainder when 149 is divided by 25?
24
What is the remainder when 31 is divided by 7?
3
Calculate the remainder when 1626 is divided by 146.
20
Calculate the remainder when 292 is divided by 17.
3
What is the remainder when 36 is divided by 5?
1
What is the remainder when 333 is divided by 110?
3
What is the remainder when 1613 is divided by 17?
15
What is the remainder when 390 is divided by 49?
47
What is the remainder when 3392 is divided by 562?
20
Calculate the remainder when 2816 is divided by 9.
8
Calculate the remainder when 101 is divided by 21.
17
What is the remainder when 315 is divided by 125?
65
Calculate the remainder when 25115 is divided by 21.
20
What is the remainder when 134 is divided by 30?
14
Calculate the remainder when 317 is divided by 4.
1
Calculate the remainder when 856 is divided by 86.
82
Calculate the remainder when 623 is divided by 611.
12
Calculate the remainder when 1667 is divided by 152.
147
Calculate the remainder when 17009 is divided by 14.
13
Calculate the remainder when 19 is divided by 6.
1
What is the remainder when 6748 is divided by 250?
248
What is the remainder when 278 is divided by 107?
64
What is the remainder when 42 is divided by 18?
6
What is the remainder when 160 is divided by 47?
19
Calculate the remainder when 306 is divided by 288.
18
Calculate the remainder when 72 is divided by 26.
20
What is the remainder when 694 is divided by 317?
60
What is the remainder when 589 is divided by 27?
22
Calculate the remainder when 26 is divided by 10.
6
Calculate the remainder when 4249 is divided by 109.
107
Calculate the remainder when 8774 is divided by 28.
10
Calculate the remainder when 146 is divided by 8.
2
Calculate the remainder when 4256 is divided by 9.
8
Calculate the remainder when 6667 is divided by 81.
25
What is the remainder when 6206 is divided by 46?
42
What is the remainder when 82 is divided by 24?
10
What is the remainder when 168 is divided by 85?
83
What is the remainder when 869 is divided by 18?
5
What is the remainder when 800 is divided by 132?
8
What is the remainder when 117 is divided by 40?
37
Calculate the remainder when 4799 is divided by 49.
46
What is the remainder when 749 is divided by 58?
53
Calculate the remainder when 1371 is divided by 643.
85
Calculate the remainder when 171 is divided by 20.
11
Calculate the remainder when 802 is divided by 90.
82
What is the remainder when 1581 is divided by 24?
21
What is the remainder when 4014 is div